 28?
25
What is the remainder when ((-154)/55 - 2)/((-5)/(24000/5)) is divided by 2301?
6
Let x = -265 - -286. Suppose -x*n + 6785 = 674. Calculate the remainder when n is divided by 75.
66
Let s(x) = 16*x + 1. Let t be s(2). Suppose -2*w + 3*w = -4*i + 30, -3*i + t = w. Calculate the remainder when 3/(-7) - (-30580)/385 is divided by w.
37
Suppose -138*o = -2*o - 29920. Calculate the remainder when o is divided by 72.
4
What is the remainder when ((-398)/6 - -1)*105/(-28) is divided by 3?
2
Let l be (-8)/(-14) + 2025/315. Suppose -4*v - 11 + l = 0, 3*v = -4*w + 49. Calculate the remainder when 102 is divided by w.
11
Let f be 27*(5/(-12) + 48/64). Let c(t) = t - 8*t - 2 + 0*t + 8*t**2 - f*t**2. What is the remainder when 24 is divided by c(-6)?
0
Suppose -263 = 7*m - 2790. Let k = m - 239. What is the remainder when k is divided by 22?
12
Let i(w) = 2*w + 20. Let b be i(1). Let a(n) = -n + 27. Let j(q) = 6*q + 6. What is the remainder when j(3) is divided by a(b)?
4
Let l = 4769 - 4530. Calculate the remainder when l is divided by 51.
35
Suppose -o = 4*j - 7, 4*j - 28 + 41 = -5*o. What is the remainder when 849 is divided by j?
0
Let y(b) = 3*b - 39. Let q be y(18). Suppose -130 = -q*j + 95. Calculate the remainder when 884 is divided by j.
14
Let i(d) = 33*d**2 - 6*d + 5. Let o be i(1). Suppose -o*n + 3 = -125. Calculate the remainder when 69 is divided by n.
1
Suppose 2*c = g + 128 + 95, -5*g + 241 = 2*c. Let b = c - 96. Calculate the remainder when 98 is divided by b.
13
Suppose 6 = 2*u - 3*i, -4*u + 4*i = 9*i - 12. Suppose 3*r - 2*v = 64, -v = -r + u*v + 38. Calculate the remainder when 34 is divided by r.
16
Let w = 33 + -34. Let b = 3 - w. Let s = 20 + b. What is the remainder when 142 is divided by s?
22
Suppose -134*v + 292*v - 137*v = 3717. Calculate the remainder when v is divided by 12.
9
Suppose 12 = y + 2*n, -3*n = -n + 6. Let i(x) = x**3 - 17*x**2 - 15*x + 5. Calculate the remainder when i(y) is divided by 15.
14
Let k be 5 + -13 + 190 - 5/1. Let q = k - 151. Calculate the remainder when q is divided by 7.
5
Suppose 10 = -z - 1. Suppose -227 = -16*p - 163. Calculate the remainder when (-590)/(-22) + (-2)/z is divided by p.
3
Let c = 358 - 188. Let a = c - 102. Suppose l - a = -l. Calculate the remainder when l is divided by 11.
1
Let v be 2546/57 - (-2)/6. Suppose 3*y = 18 + v. Let i(m) = -11*m + 102. Calculate the remainder when i(0) is divided by y.
18
Let c = 14551 + -13601. Calculate the remainder when c is divided by 9.
5
Suppose 37*l + 1277 = 41*l + v, 3*v + 316 = l. Suppose 9*o - l = 662. Calculate the remainder when o is divided by 56.
53
Let c(h) = -h - 13. Let u be c(-17). Suppose u*l = 8*l - 408. Let r = l + -8. Calculate the remainder when r is divided by 24.
22
Suppose 0 = 45*n - 25455 + 5295. Calculate the remainder when n is divided by 112.
0
Let l = 362 - 174. Let x(r) = -506*r + 40022. What is the remainder when l is divided by x(79)?
44
Let k be (0 - 2)*(-2 + (-3)/2). Suppose -k*v + 29 = 1. Suppose -v*p = 4*n - 88, 4*n + 72 = 2*p + 2*p. Calculate the remainder when p is divided by 11.
9
Let d(h) = -8*h - 28. Let p be d(-4). Let f be p/6*(-4932)/(-24). Suppose -13 = 4*a - f. Calculate the remainder when a is divided by 9.
4
Suppose -4*y - 2*c = -0*y - 154, 5*y = -2*c + 195. Let f = y - 81. Let q = 47 + f. What is the remainder when q is divided by 2?
1
Let d be 11/((-11)/2) - (0 - 5). Suppose -d*w = 91 - 109. Let p(k) = -k**2 + 12*k + 4. What is the remainder when p(7) is divided by w?
3
Let i(n) = 3*n - 10. Let l(h) = -h + 3. Let b(y) = -3*i(y) - 8*l(y). Let m be b(8). What is the remainder when 30 + (-8)/(-2) + m is divided by 18?
14
Let c(i) = -i**2 - 48*i + 5716. What is the remainder when 2911 is divided by c(-102)?
207
Let b(x) = 2*x**2 + 58*x + 799. What is the remainder when 488 is divided by b(-21)?
25
Suppose c = 3*t + 4*c - 555, 5*c = -2*t + 373. Calculate the remainder when t is divided by (-465)/40*(-2 - 6).
91
Suppose -5*k + r + 20062 = 0, -4*k + 7984 + 8074 = 2*r. What is the remainder when k is divided by 49?
44
Calculate the remainder when 93 is divided by 87425/1365 - (-4)/14 - (-10)/15.
28
Suppose 3*a - 81 = -5*j, 4*j + 2*a + 3 = 69. Let s(f) = -f**2 - 3*f + 2. Let u be s(-3). Suppose t = u*t - 87. Calculate the remainder when t is divided by j.
15
Let h(b) = 13*b - 5. Let n be h(7). Suppose v + 2*v = 5*a + n, -4*a - 2*v = 60. Let y = a - -26. Calculate the remainder when 17 is divided by y.
7
Calculate the remainder when 3171/(-35)*(-4 + -4 + 3) is divided by 110.
13
Let v be (8/5)/(16/120). Let r be 4*(3 - (0 - (-33)/v)). Suppose 0 = 6*s - 5*s - r. What is the remainder when 1 is divided by s?
0
Let x be (-7 + 8 - (-2)/6)*-3. Let v be (-28)/(-2)*(2 - 98/x). Suppose -119 = -10*n + v. Calculate the remainder when n is divided by 13.
10
Suppose 15 = -4*f + 43. Suppose 0 = -5*h + f*h - 24. Suppose 2 = -4*p + 74. Calculate the remainder when p is divided by h.
6
Suppose 8*l - 2*s - 256 = 0, 14*s - 13*s = 2*l - 68. Calculate the remainder when 26278 is divided by l.
28
Let u(g) = -g + 4. Let z(d) = 3*d**2 + 2*d - 4. Let r be z(-2). Let k be u(r). What is the remainder when 0 + 0 + (21 - (k + 3)) is divided by 5?
3
Let j(b) = -b**2 + 10*b + 162. Suppose -60 = 5*y + 4*k - 480, -4*y + 4*k = -372. What is the remainder when y is divided by j(-8)?
16
Let t = 153 + -118. Calculate the remainder when 1*-7*(-110)/t is divided by 8.
6
Suppose -2*o + 4*v + 151 = o, 0 = -3*v - 3. Let i = -20 + o. Calculate the remainder when i is divided by 15.
14
Let n(o) = -5*o + 196. What is the remainder when 489 is divided by n(7)?
6
Let t = -106 + 127. Suppose t*k = 27*k - 354. Calculate the remainder when k is divided by 12.
11
Let f(u) = 321*u + 3539. What is the remainder when 126 is divided by f(-11)?
6
Let u(t) = -t**3 - 23*t**2 - 22*t + 111. Calculate the remainder when 21754 is divided by u(-22).
109
Let n(b) = 0*b - 14 + b**2 - 10*b + 3*b - 2*b. Let y(j) = -13*j + 43. Calculate the remainder when n(11) is divided by y(3).
0
Let u = -386 - -418. Suppose 12 = -31*w + u*w. What is the remainder when 83 is divided by w?
11
Suppose 782*h = 785*h + 3. What is the remainder when (-4)/(-4)*(396 + h) is divided by 44?
43
Let m = -2372 - -2393. What is the remainder when 3506 is divided by m?
20
What is the remainder when 1646 is divided by (10 - 5)/(((-3)/5)/(-3))?
21
Suppose -3*x = 0, -q - 5*x = -0 - 33. Suppose -26*r = -q*r + 686. Calculate the remainder when r is divided by 28.
14
Let h be 2480/600 + 4/(-30). What is the remainder when 19*h*(1 - -3 - 3) is divided by 44?
32
Let s = -623 - -631. Suppose -s*m + 85 = 4*z - 11*m, 4*z - 5*m = 83. What is the remainder when 99 is divided by z?
11
Let v be (-2)/(1 + (-114)/117). Let a = 130 + v. Calculate the remainder when 166 is divided by a.
10
Suppose -2*f + 993 = 3*d - 441, 5*d + 30 = 0. Calculate the remainder when f is divided by 361.
4
Let t(x) = 91*x - 120. What is the remainder when t(7) is divided by 249?
19
Let u(c) = -34*c + 1421. What is the remainder when u(38) is divided by 44?
41
Let i = -114 - 3. Let g = 130 + i. What is the remainder when (-92 - 6)*4/(-8) is divided by g?
10
Let b(r) = -r**2 + 95*r - 1892. Calculate the remainder when 243 is divided by b(64).
59
Suppose -4*g - i = -5791, 0 = 5*g + 28*i - 31*i - 7260. What is the remainder when g is divided by 132?
129
Let v(n) = -20*n + 5. Suppose 0*p + 2*p = 0. Suppose p = 8*s + 3*s + 11. Calculate the remainder when 42 is divided by v(s).
17
Let f = -7701 + 7976. What is the remainder when f is divided by 46?
45
Let d = 1350 - 468. What is the remainder when d is divided by 34?
32
Suppose 4*a + 5*z - 1445 = 0, -267 = 4*a - 2*z - 1733. What is the remainder when a is divided by 6?
5
Let b(i) = 10*i**2 + 5*i - 5. Let m = -2811 - -2832. What is the remainder when b(3) is divided by m?
16
Let i(u) = u**3 - 9*u**2 + 10*u - 1. Let g be i(8). Suppose 0 = -6*t - g*t + 5481. What is the remainder when t is divided by 66?
63
Let a = -191 - -209. Suppose 0 = 23*j - a*j - 210. Calculate the remainder when j is divided by 21.
0
Let w(u) = u**3 - 63*u**2 + 118*u + 280. Calculate the remainder when 173 is divided by w(61).
29
Let g = 24218 + -24050. What is the remainder when 791 is divided by g?
119
Let r be 17/